8
What is the value of -3 + 5 + -6 - 1 - -7?
2
6 + (8 - 6) + -11
-3
2 - (9 + (-11 - -5))
-1
What is 1 - 0 - (8 + -12)?
5
What is the value of -4 - (9 - 5) - -4?
-4
What is the value of (-4 - (6 - 6)) + 3 + -1?
-2
Calculate 12 - 7 - (0 + -4 + 9).
0
What is the value of (-5 - -6) + 3 + -3 + 0?
1
(7 - -1) + -2 + 4 + -4
6
(7 - (3 - -7)) + (-3 - -1)
-5
Calculate (11 - 10) + -3 + -3 + 12.
7
Evaluate 12 + -8 + -3 + 2 + -2.
1
Evaluate -22 + 21 + -7 + 1.
-7
What is (-6 - 1 - (-9 - 1)) + 2?
5
What is the value of -10 + (1 - -12 - 11)?
-8
Calculate 0 + -1 + 4 + -8.
-5
What is the value of (7 + -1 - 18) + 7?
-5
What is the value of 5 + -10 - 0 - 1 - -12?
6
Evaluate (36 - 40) + -2 + 0.
-6
9 + -11 - -4 - 2
0
Calculate 3 + -2 + -2 - (0 - -1).
-2
Calculate -1 + 12 + (-44 - -40) - 4.
3
9 - 5 - (7 - 1)
-2
Calculate (1 - 13) + (-1 + 9 - 2).
-6
0 - ((23 - (0 + 8)) + -8)
-7
What is the value of (3 - 7) + 0 + 5 + 1?
2
What is (1 - 1 - -7) + -2 + -4?
1
What is (0 - -14) + (-5 - 5)?
4
What is -11 + (-8 + 2 - -13)?
-4
Evaluate (-6 + 1 - 3) + 5.
-3
What is 6 + -1 + 14 + -11?
8
Calculate 2 + (-4 - 0 - -8).
6
Evaluate -1 - -1 - 3 - (603 + -611).
5
Evaluate 0 + (6 - (5 - -1)).
0
What is the value of -3 - 1 - (20 - 29)?
5
Calculate -2 - (-4 + 2) - -1.
1
(1 - -2) + (-5 + 5 - 5)
-2
Calculate 3 - (4 - (-3 + 7) - -4).
-1
What is the value of 5 - (6 + -7) - 9?
-3
Calculate -8 + (3 - -5) + -8.
-8
-4 + (5 + -5 - 0 - -6)
2
5 + -1 - 6 - -5
3
Evaluate -5 - ((4 - 2) + -9).
2
What is the value of 15 + (-7 + 8 - 12)?
4
Calculate 0 + 0 + -5 + 120 + -111.
4
What is the value of 1 - 10 - (3 + (-20 - -17))?
-9
(10 - 28) + 13 + (0 - -4)
-1
-3 + 0 + 2 - (1 + -6)
4
-4 + (9 - 3 - 6) - 3
-7
-4 - (2 + 1 + -7)
0
What is -8 - (2 + (-3 - 1)) - -1?
-5
What is the value of 10 - 3 - 4 - 5 - -6?
4
Calculate 3 + (-5 - -9) - 6 - 5.
-4
7 + -6 + (-2 - (0 + 1))
-2
Evaluate -2 + 1 + 2 - (-66 - -64).
3
-3 + 5 - (4 + (-1 - -1))
-2
Evaluate (-2 + (2 - 2) - 3) + -1.
-6
What is -6 + -13 + -10 + 35?
6
Calculate -3 - (5 + -15) - 3.
4
What is (-2 - -3) + 1 + -6 + 1?
-3
Evaluate 10 - (12 + (9 - 8)).
-3
Evaluate -2 + 7 + 0 - (6 - 3).
2
Calculate (-2 + 7 - 0) + -5.
0
-2 + -1 + 1 + 4 + -1
1
What is -5 - ((6 - 5) + -1) - -1?
-4
0 + -13 + 93 + -89
-9
8 - -7 - 10 - 11
-6
Calculate (0 - 0) + -20 + 15.
-5
Evaluate 4 + (-1 - (-1 - 0)) - 0.
4
What is the value of (14 - (-21 + 29)) + -1 + -5?
0
What is (-2 - 0) + -1 - (40 + -45)?
2
0 - ((-2 - 11) + 7)
6
What is the value of -9 + (-17 + 8 - -10)?
-8
Evaluate -3 + -2 + (2 - 3) + 2.
-4
What is 0 + 16 + -8 - 6?
2
(-18 - -18) + (1 - -3)
4
What is the value of 0 + -12 + 6 + (-11 - -12)?
-5
-4 + (11 + -3 + -5 - 3)
-4
What is the value of -5 - (-4 - -2) - -2 - -2?
1
Evaluate (-7 - -14) + -2 + -7.
-2
-6 + -1 + -4 + 5
-6
What is (1 - 0) + (11 - (9 + -2))?
5
Evaluate 1 - (5 + (-1 - -3)).
-6
What is the value of -7 + (3 - (-5 - -9))?
-8
Evaluate (-16 - -10 - (-9 + 0)) + 5.
8
Calculate 0 - ((-1 - 4) + 10).
-5
Calculate (20 - (26 - 13)) + -1 + -3.
3
What is (2 + 0 - (3 - 5)) + -1?
3
What is -3 - (12 + -7 + -12)?
4
What is 3 + 2 + -3 + 7 + -4?
5
Calculate (-7 - (5 + -11 + -4)) + 2.
5
Evaluate 1 - (-7 + 6 - (2 - 1)).
3
9 - ((3 - 5) + 13)
-2
What is the value of (-3 - (-9 + 5)) + -5?
-4
What is the value of -6 - -7 - (1 + -1 + 1)?
0
Evaluate 0 + 16 + -8 + -13.
-5
Evaluate 0 - (0 + 5) - -6.
1
Evaluate (-6 + 14 - 6) + 0 + -4.
-2
What is the value of 22 + -19 - (2 + 1 + 0)?
0
What is 4 - (5 + (-1 - 0))?
0
9 + -2 + -1 + -2
4
Calculate 0 + -3 + -6 + 6 + 2.
-1
What is 2 + (-10 - -5) + -1?
-4
What is (-12 - (-4 - 5)) + 11?
8
(-9 - 1 - -13) + -7
-4
Evaluate 1 - ((-9 - -7) + -1).
4
What is the value of (1 - 5) + (2 + 5 - 8)?
-5
What is the value of (2 - 5 - 2) + 0 + 2?
-3
Evaluate -37 + 33 - (1 - 8).
3
1 - ((6 - 9) + (2 - 0))
2
Calculate 10 - (9 - (-11 - -7)).
-3
1 + 5 - (-12 + 17)
1
Evaluate -23 - (-8 - 15) - (9 + -1).
-8
What is the value of 4 + (3 + -2 - 4)?
1
What is the value of -2 - (-1 + -4 + 3 + -4)?
4
Calculate 4 + 1 + -4 - (-3 + 1).
3
What is 3 + 1 + -10 + 4?
-2
What is the value of (8 - 5) + (-11 - -8)?
0
Evaluate 0 + -3 + (6 + -5 - -5).
3
1 + -4 - (1 + -1)
-3
What is (0 - (-6 - -5)) + -4 + 1?
-2
What is (4 - 0) + 0 + -1?
3
-7 - -5 - (-3 - -2 - -6)
-7
What is the value of (-1 - -8) + -103 + 89?
-7
Calculate 7 - (-6 + (2 - -4) - -7).
0
Calculate -1 + 2 - 1 - (22 - 23).
1
Calculate 7 - (0 + -8 + 3 - -4).
8
What is the value of (-6 - (-4 - -3)) + 1?
-4
Evaluate 3 + -7 - -10 - (-24 + 29).
1
What is -1 + 1 - (7 + 0 + -6)?
-1
Evaluate 0 + -2 - (8 - 10).
0
Evaluate -4 + 4 - (3 - (3 - 2)).
-2
Calculate -5 - (-17 - -5 - -9).
-2
Evaluate -4 - (-3 + -2) - 3 - -2.
0
Evaluate -1 - (5 - (3 - -4)).
1
What is the value of (13 - (9 - 6)) + 2 + -10?
2
Calculate -2 + (2 - 2) - (-4 - -3).
-1
Calculate (-9 - -4) + -1 + 7.
1
Calculate -4 + (-2 - -6) - -6.
6
Calculate -4 - (-2 + 2 + (-20 - -15)).
1
What is the value of (9 - (5 - -9)) + (-1 - 1)?
-7
Calculate 0 + -1 + (-2 - -2) + -3.
-4
What is the value of 20 + -39 + 20 + -1 + 2?
2
Evaluate (4 + 4 - 3) + -9.
-4
Calculate -4 + -1 + 0 + 1 + 2.
-2
What is the value of 13 - (-12 + 38 - 7)?
-6
Calculate -5 - ((3 - 8) + 5) - -6.
1
Calculate -9 + (0 - (-8 - -7 - 6)).
-2
Evaluate 3 - (10 - (-1 + -4 + 11)).
-1
(-1 - 2) + -12 + 4 + 12
1
What is the value of -4 + (5 + (-2 - 1) - -5)?
3
What is -11 - ((4 - 11) + -2)?
-2
What is the value of 3 + -9 - (-9 - 3)?
6
Evaluate (-13 - -4) + (0 - -4).
-5
What is -1 - ((-4 - -4 - 2) + -2)?
3
Evaluate (1 + -7 - -4) + 1 - -7.
6
(-6 - 1) + 12 + -7
-2
0 - (8 - 1) - (221 + -219)
-9
Calculate -13 + 2 - (-18 - 1).
8
0 - (6 + -2 - 3)
-1
What is the value of 3 + (7 - 8 - 5)?
-3
What is the value of -1 - (0 - 2) - (5 + 1)?
-5
What is the value of 5 + -3 - (3 + -3 + 1)?
1
What is the value of -25 - (-5 + -3) - -9?
-8
6 + 8 + -6 - (-2 + 5)
5
Evaluate -3 + 0 + 2 + -4.
-5
-6 - 0 - (3 + -5 - 3)
-1
What is the value of (-5 - -3) + -1 + (2 - 0)?
-1
What is 7 + (-18 - -5) - -9?
3
What is the value of (-4 - (3 - 3)) + 12 + -5?
3
What is the value of (0 - 3) + 1 + 2 + -3?
-3
3 + (-7 - (-13 + 12))
-3
Evaluate -11 + -5 + 10 - -5.
-1
What is 10 + -9 - (-7 + 3 + -1)?
6
What is -9 - (0 - 3) - -9?
3
Calculate 23 + -19 + -1 + 1.
4
Evaluate (-8 - -1) + (13 - 2) + 3.
7
What is the value of (3 - 0) + -43 + 38?
-2
Evaluate 3 + (-1 - 4) + 1.
-1
What is -11 - ((-1 + 2 - 10) + 7)?
-9
What is the value of -4 - (1 - (5 + -4 + -1))?
-5
(-1 - 1) + (-7 - 5) + 7
-7
-15 - -12 - (0 + 1)
-4
(4 - (4 + -2 - -2)) + 1
1
Calculate -6 + (-2 + 0 - (-1 - 3)).
-4
What is -3 - -1 - (1 + -3 + 0)?
0
(-3 - -6) + -6 + -3 - -3
-3
Evaluate -8 + 5 + 7 + -5.
-1
Calculate (1 - -2) + (1 - 2 - 0).
2
Calculate 8 + 8 + 2 + -7.
11
Calculate 3 - 0 - (-5 + 1 + 7).
0
Evaluate 0 + 0 + 4 + -1 + -2.
1
What is the value of 2 + 7 + (1 - -1 - 7)?
4
What is the value of -2 - (68 + -76 + 0 + -3)?
9
-50 + 54 - (8 - 1)
-3
What is the value of 3 - 7 - (-1 + -7)?
4
Calculate (4 + 0 - -2) + 0 + -13.
-7
Evaluate -10 + (-3 - 1 - (16 + -25)).
-5
What is the value of 0 - 2 - (0 + -3 + 4)?
-3
What is 6 - (-3 - (3 - 4))?
8
Calculate -54 - -56 - (6 + (-2 - -2)).
-4
6 + -4 + -1 + (8 - 9)
0
13 - (10 + 4) - (-5 - 0)
4
Calculate 7 + -3 + (4 - -2).
10
Calculate 1 - 10 - (-3 - 11).
5
Calculate 1 - (-2 - -4) - 2 - -7.
4
Evaluate (2 - 0) + 1 + 4 + -2.
5
What is the value of 3 - ((1 - -9) + (36 - 36))?
-7
-7 + (-7 - -27) + -10
3
What is (-2 - -7) + 4 - (1 + 3)?
5
What is 4 + -8 + 17 + -6?
7
12 + -20 + -5 + 9
-4
Calculate 2 + -6 - (-4 - (8 + -4)).
4
Calculate 12 - (4 + 0) - (-2 - -5).
5
Evaluate (-2 - -7 - 6) + 5.
4
What is -37 + 42 + (-2 - 3) + 0?
0
-2 + -2 + (-3 - (4 - 8))
-3
Calculate -9 + 7 + -1 - -2.
-1
(4 - 0) + -3 + 4
5
7 - 1 - (-4 + -7 + 14)
3
What is -5 + (3 - -2) + -1 + -2?
-3
(-1 - -3) + 4 + -5
1
Evaluate 0 + -1 - (-2 + (1 - 0)).
0
What is the value of (7 - 6) + (8 - (-3 - -8))?
4
Calculate 10 + -14 + 0 + (-3 - 0).
-7
1 + -4 - (1 - 1)
-3
Calculate 1 + 0 + 7 + -10 + 5.
3
Calculate -6 + (3 - 4 - -3).
-4
-3 - (-5 - -1) - (-3 - -6)
-2
Evaluate 9 + -9 - (2 + 1) - 1.
-4
-1 + 4 - (2 - 1)
2
What is -1 + -3 + 1 + (-3 - -5)?
-1
Evaluate 4 - (6 - (3 + 0 + -3)).
-2
What is the value of -1 - (-1 + (-3 - (1 + -6)))?
-2
Calculate (-32 - -5) + 10 - -9.
-8
What is the value of 4 + (-2 - 0) + (5 - 4)?
3
What is the value of 1 + 2 + -15 